ors of 2010143301?
3, 670047767
List the prime factors of 1431115390.
2, 5, 143111539
List the prime factors of 933387134.
2, 53, 1913, 4603
List the prime factors of 1758339290.
2, 5, 67, 2624387
List the prime factors of 725386755.
3, 5, 48359117
What are the prime factors of 494493376?
2, 13, 23, 25841
List the prime factors of 3119596484.
2, 779899121
What are the prime factors of 40516671?
3, 13, 251, 4139
List the prime factors of 1531277425.
5, 61251097
List the prime factors of 2925506016.
2, 3, 10158007
List the prime factors of 5537103069.
3, 9623, 191801
List the prime factors of 24648131.
31, 795101
What are the prime factors of 558768727?
11, 163, 179, 1741
List the prime factors of 9670394.
2, 37, 130681
What are the prime factors of 418543?
571, 733
List the prime factors of 403645136.
2, 37, 681833
What are the prime factors of 18067111?
1789, 10099
What are the prime factors of 538196184?
2, 3, 2491649
List the prime factors of 492383899.
7, 2833, 3547
List the prime factors of 122051862.
2, 3, 389, 17431
List the prime factors of 5912486.
2, 61, 48463
What are the prime factors of 37522440?
2, 3, 5, 37, 313
List the prime factors of 194239574.
2, 97119787
What are the prime factors of 453464027?
453464027
What are the prime factors of 2168633851?
21211, 102241
What are the prime factors of 94500366?
2, 3, 15750061
What are the prime factors of 60092461?
11, 13, 47, 8941
What are the prime factors of 35467901?
7, 61, 83063
What are the prime factors of 94313350?
2, 5, 1886267
List the prime factors of 2396532026.
2, 7, 171180859
List the prime factors of 344693841.
3, 773, 148639
List the prime factors of 392083944.
2, 3, 7, 23, 29, 3499
List the prime factors of 2028608526.
2, 3, 7, 2269, 3041
List the prime factors of 2791244320.
2, 5, 619, 28183
What are the prime factors of 102276377?
7, 23, 151, 601
What are the prime factors of 1153002708?
2, 3, 11, 13, 617
What are the prime factors of 82281116?
2, 20570279
What are the prime factors of 405300274?
2, 101, 2006437
List the prime factors of 89050448.
2, 461, 12073
What are the prime factors of 1107914917?
1107914917
What are the prime factors of 592521804?
2, 3, 7, 79, 3307
List the prime factors of 55899070.
2, 5, 5589907
What are the prime factors of 342152352?
2, 3, 1188029
What are the prime factors of 7651593?
3, 850177
What are the prime factors of 1677751010?
2, 5, 13, 47, 274591
What are the prime factors of 4385654176?
2, 19, 53, 136099
List the prime factors of 403093606.
2, 139, 1449977
What are the prime factors of 22475365?
5, 11, 408643
What are the prime factors of 97849183?
19, 53, 97169
What are the prime factors of 102857554?
2, 127, 404951
What are the prime factors of 117787890?
2, 3, 5, 11, 356933
List the prime factors of 3014358863.
23, 131, 563, 1777
List the prime factors of 290770595.
5, 97, 661, 907
List the prime factors of 351075991.
7, 739, 67867
List the prime factors of 4396337420.
2, 5, 19, 229, 2659
List the prime factors of 46383057.
3, 7, 35059
What are the prime factors of 67654466?
2, 11, 3075203
List the prime factors of 214150364.
2, 2753, 19447
List the prime factors of 96979552.
2, 67, 45233
List the prime factors of 297397006.
2, 19, 233, 33589
List the prime factors of 372427314.
2, 3, 7, 2843, 3119
What are the prime factors of 2538512944?
2, 11, 23, 151, 4153
What are the prime factors of 967503444?
2, 3, 83, 971389
List the prime factors of 93103289.
911, 102199
List the prime factors of 2163266234.
2, 1081633117
What are the prime factors of 1266620969?
587, 2157787
What are the prime factors of 225016693?
11, 31, 659873
List the prime factors of 282824723.
163, 1735121
List the prime factors of 42578467.
29, 293, 5011
What are the prime factors of 154434907?
11, 19, 738923
What are the prime factors of 3669557012?
2, 11, 83399023
List the prime factors of 217233224.
2, 13, 101, 20681
List the prime factors of 1002526882.
2, 7, 479, 149497
List the prime factors of 25010218.
2, 59, 181, 1171
What are the prime factors of 122643745?
5, 7, 3504107
What are the prime factors of 2729016652?
2, 149, 1747, 2621
List the prime factors of 25160129.
1019, 24691
List the prime factors of 2057585495.
5, 7, 373, 397
What are the prime factors of 508579021?
17, 61, 1697
List the prime factors of 98396793.
3, 11, 993907
What are the prime factors of 3471129455?
5, 2341, 296551
What are the prime factors of 27213073?
17, 19, 173, 487
What are the prime factors of 1420056162?
2, 3, 7, 19, 101, 839
List the prime factors of 6795528749.
173, 39280513
List the prime factors of 6256229.
7, 179, 4993
What are the prime factors of 3843573566?
2, 7, 10723, 25603
What are the prime factors of 1196059502?
2, 11, 54366341
List the prime factors of 134906503.
137, 421, 2339
List the prime factors of 33093420.
2, 3, 5, 551557
List the prime factors of 680808491.
11, 79, 313, 2503
List the prime factors of 4649010189.
3, 797, 1944379
List the prime factors of 85946710.
2, 5, 233, 36887
List the prime factors of 3888206301.
3, 7, 1321, 20023
What are the prime factors of 160587969?
3, 53529323
What are the prime factors of 57942457?
19, 43, 70921
List the prime factors of 1576543234.
2, 7, 23, 41, 119417
What are the prime factors of 408596552?
2, 7, 13, 67, 8377
What are the prime factors of 2671703441?
11, 383, 634157
List the prime factors of 587532449.
7, 83933207
List the prime factors of 4417236086.
2, 2208618043
List the prime factors of 5289710635.
5, 11, 29, 67, 49499
What are the prime factors of 64620400?
2, 5, 13, 17, 43
List the prime factors of 495863219.
71, 509, 13721
List the prime factors of 36138606.
2, 3, 7, 593, 1451
What are the prime factors of 426887631?
3, 823, 19211
List the prime factors of 2264493699.
3, 13, 47, 10559
List the prime factors of 6515090.
2, 5, 651509
What are the prime factors of 200003438?
2, 100001719
List the prime factors of 137603308.
2, 34400827
What are the prime factors of 75128996?
2, 31, 605879
List the prime factors of 84082760.
2, 5, 2102069
What are the prime factors of 1719699870?
2, 3, 5, 7, 8189047
What are the prime factors of 356273115?
3, 5, 11, 2159231
List the prime factors of 1783879899.
3, 71, 8375023
What are the prime factors of 175073950?
2, 5, 3501479
List the prime factors of 954574861.
131, 7286831
What are the prime factors of 111359618?
2, 349, 159541
List the prime factors of 160233100.
2, 5, 443, 3617
What are the prime factors of 499752143?
11, 223, 18521
What are the prime factors of 1153213761?
3, 7, 47, 1168403
List the prime factors of 663876154.
2, 2683, 123719
List the prime factors of 234602009.
53, 1993, 2221
What are the prime factors of 930760572?
2, 3, 7, 191, 58013
What are the prime factors of 346132172?
2, 17, 173, 29423
List the prime factors of 203830618.
2, 29, 3514321
List the prime factors of 557761029.
3, 7, 53, 501133
What are the prime factors of 262883237?
3313, 79349
What are the prime factors of 108694295?
5, 251, 257, 337
List the prime factors of 25610942.
2, 7, 17, 107609
List the prime factors of 553495505.
5, 4637, 23873
List the prime factors of 155869521.
3, 19, 2734553
List the prime factors of 3440770192.
2, 19, 23, 29, 71, 239
What are the prime factors of 6466387140?
2, 3, 5, 37, 107881
What are the prime factors of 16386712?
2, 2048339
List the prime factors of 694270099.
1871, 371069
What are the prime factors of 33468178?
2, 16734089
What are the prime factors of 48604171?
7, 11, 631223
List the prime factors of 367725105.
3, 5, 11, 41, 18119
What are the prime factors of 1138310837?
17, 71, 943091
List the prime factors of 736844872.
2, 17, 5417977
List the prime factors of 3791283758.
2, 1895641879
List the prime factors of 1013643523.
1013643523
What are the prime factors of 53815010?
2, 5, 29, 185569
List the prime factors of 928944914.
2, 464472457
What are the prime factors of 124822523?
7, 31, 575219
What are the prime factors of 21195463?
79, 268297
List the prime factors of 2721723665.
5, 127, 4286179
What are the prime factors of 40292011?
877, 45943
List the prime factors of 53808597.
3, 1992911
What are the prime factors of 45486917?
7, 17, 41, 9323
List the prime factors of 83048550.
2, 3, 5, 13, 42589
What are the prime f